 multiple of 41?
False
Is 87210 a multiple of 45?
True
Is 33 a factor of 144367?
False
Is 1633272 a multiple of 6?
True
Is 269368 a multiple of 44?
True
Does 64 divide 2102?
False
Does 13 divide 133869?
False
Does 75 divide 422337?
False
Does 22 divide 2354?
True
Does 11 divide 2995068?
False
Does 22 divide 1328714?
False
Is 3 a factor of 702252?
True
Does 390 divide 398970?
True
Is 4 a factor of 610528?
True
Is 1106250 a multiple of 21?
False
Is 1222699 a multiple of 209?
False
Does 251 divide 192768?
True
Does 16 divide 3959632?
True
Does 114 divide 265164?
True
Is 576 a factor of 5669687?
False
Does 107 divide 39590?
True
Does 32 divide 1790083?
False
Is 46 a factor of 88596?
True
Is 188 a factor of 935324?
False
Is 7459381 a multiple of 19?
True
Is 336549 a multiple of 51?
True
Is 6 a factor of 208593?
False
Is 64 a factor of 38656?
True
Is 14 a factor of 377160?
True
Does 5 divide 5754943?
False
Does 122 divide 219600?
True
Is 20785 a multiple of 25?
False
Is 71508 a multiple of 14?
False
Is 185 a factor of 1273355?
True
Is 11 a factor of 176005?
False
Is 15 a factor of 1197450?
True
Is 4150656 a multiple of 129?
False
Is 65856 a multiple of 56?
True
Is 671760 a multiple of 746?
False
Is 204092 a multiple of 37?
True
Does 61 divide 1471625?
True
Does 38 divide 69236?
True
Does 50 divide 1211?
False
Is 7285157 a multiple of 9?
False
Does 456 divide 3101945?
False
Is 8 a factor of 484?
False
Is 58009 a multiple of 7?
True
Is 110423 a multiple of 52?
False
Is 56700 a multiple of 75?
True
Does 3 divide 41735?
False
Does 18 divide 1121680?
False
Is 4525 a multiple of 179?
False
Is 182807 a multiple of 163?
False
Does 8 divide 105067?
False
Does 217 divide 1376094?
False
Does 3 divide 28638?
True
Is 8 a factor of 109460?
False
Does 4 divide 30705?
False
Does 54 divide 1800576?
True
Does 339 divide 130854?
True
Is 112 a factor of 2690773?
False
Does 268 divide 581181?
False
Is 30744 a multiple of 56?
True
Is 33 a factor of 10428?
True
Is 86 a factor of 4439168?
False
Is 1176363 a multiple of 9?
True
Is 30222 a multiple of 23?
True
Is 3636232 a multiple of 17?
True
Is 28556 a multiple of 11?
True
Is 17 a factor of 67490?
True
Is 23 a factor of 3010766?
False
Is 273 a factor of 317879?
False
Is 91 a factor of 2222311?
True
Does 78 divide 1867851?
False
Is 142 a factor of 758990?
True
Is 1118 a factor of 20124?
True
Is 1082608 a multiple of 1136?
True
Is 43 a factor of 32680?
True
Does 147 divide 143913?
True
Does 61 divide 3173830?
True
Does 133 divide 154167?
False
Does 44 divide 5297918?
False
Is 240049 a multiple of 8?
False
Is 13214472 a multiple of 44?
False
Is 15 a factor of 33840?
True
Is 10 a factor of 411136?
False
Is 5231729 a multiple of 1583?
False
Is 4250652 a multiple of 12?
True
Is 12 a factor of 10217316?
True
Is 29 a factor of 221531?
True
Is 507 a factor of 1301469?
True
Is 1159350 a multiple of 177?
True
Does 8 divide 21909?
False
Does 174 divide 328529?
False
Is 10 a factor of 360957?
False
Is 340 a factor of 796280?
True
Is 8883236 a multiple of 10?
False
Is 8108364 a multiple of 636?
True
Is 15 a factor of 309730?
False
Is 66226 a multiple of 16?
False
Does 49 divide 1047375?
True
Does 119 divide 12138?
True
Is 40 a factor of 113160?
True
Is 491240 a multiple of 103?
False
Is 126 a factor of 242802?
True
Does 94 divide 81404?
True
Is 1014 a factor of 6012006?
True
Does 7 divide 10625223?
True
Does 8 divide 637304?
True
Is 8748731 a multiple of 91?
False
Does 13 divide 450356?
False
Does 12 divide 4052515?
False
Is 1797012 a multiple of 14?
True
Is 138170 a multiple of 82?
True
Is 3 a factor of 77253?
True
Does 7 divide 214205?
False
Is 9350855 a multiple of 35?
False
Is 6 a factor of 26400?
True
Is 11388 a multiple of 52?
True
Is 11662825 a multiple of 25?
True
Is 39 a factor of 7524699?
True
Is 1815236 a multiple of 119?
False
Does 28 divide 791288?
False
Is 3744041 a multiple of 76?
False
Is 112 a multiple of 14?
True
Does 171 divide 337212?
True
Does 55 divide 12485?
True
Is 3469700 a multiple of 656?
False
Is 221 a factor of 257465?
True
Is 1403262 a multiple of 259?
True
Is 46 a factor of 247945?
False
Is 859 a factor of 1745194?
False
Is 32 a factor of 151008?
True
Does 20 divide 868406?
False
Is 13 a factor of 12883896?
False
Is 13 a factor of 19945083?
False
Is 431 a factor of 2011046?
True
Does 47 divide 9541?
True
Is 86 a factor of 6583270?
False
Is 50 a factor of 417800?
True
Is 200 a factor of 1806600?
True
Is 142731 a multiple of 7?
False
Is 97 a factor of 736971?
False
Is 231891 a multiple of 33?
True
Does 17 divide 62679?
True
Is 14 a factor of 3142731?
False
Does 951 divide 1351371?
True
Is 196 a factor of 604464?
True
Is 7 a factor of 1340?
False
Does 101 divide 1118521?
False
Is 7 a factor of 1523113?
False
Does 22 divide 4488000?
True
Is 14 a factor of 4858?
True
Is 6522 a multiple of 109?
False
Is 336 a factor of 11379171?
False
Does 55 divide 3838?
False
Is 20305 a multiple of 3?
False
Is 1397775 a multiple of 9?
False
Does 6 divide 4518829?
False
Is 15 a factor of 292635?
True
Is 15 a factor of 33898?
False
Is 9 a factor of 316599?
False
Does 138 divide 735954?
True
Does 16 divide 332285?
False
Is 116 a factor of 959784?
True
Does 5 divide 24182?
False
Does 62 divide 19217?
False
Does 24 divide 1136976?
True
Is 3 a factor of 121195?
False
Is 4921163 a multiple of 405?
False
Is 149 a factor of 66603?
True
Is 49949 a multiple of 9?
False
Is 15 a factor of 733665?
True
Does 6 divide 6051330?
True
Is 18 a factor of 2259738?
True
Is 11086 a multiple of 57?
False
Is 111 a factor of 160284?
True
Is 179935 a multiple of 265?
True
Is 179 a factor of 125597?
False
Is 4212908 a multiple of 532?
True
Is 15 a factor of 16841206?
False
Is 35 a factor of 146055?
True
Is 2660158 a multiple of 76?
False
Is 96 a factor of 123946?
False
Does 82 divide 4107938?
False
Does 846 divide 1193706?
True
Is 69124 a multiple of 44?
True
Is 29 a factor of 1747462?
False
Does 39 divide 33930?
True
Is 3913445 a multiple of 64?
False
Is 322 a factor of 675452?
False
Does 5 divide 413483?
False
Is 220383 a multiple of 8?
False
Does 11 divide 11587389?
True
Does 1745 divide 8143915?
True
Is 127280 a multiple of 344?
True
Is 1094126 a multiple of 22?
True
Is 421396 a multiple of 68?
True
Is 43 a factor of 1011274?
True
Is 9 a factor of 316652?
False
Is 910133 a multiple of 1504?
False
Does 34 divide 4202698?
False
Does 161 divide 6668781?
True
Is 154 a factor of 43092?
False
Is 15 a factor of 313478?
False
Is 1758489 a multiple of 417?
True
Is 11 a factor of 1675560?
False
Does 42 divide 21047?
False
Is 9 a factor of 508473?
True
Does 13 divide 8992?
False
Does 33 divide 2433849?
True
Is 298650 a multiple of 88?
False
Is 567 a factor of 511675?
False
Is 6 a factor of 90119?
False
Is 132 a factor of 358490?
False
Is 230048 a multiple of 27?
False
Is 8487509 a multiple of 19?
True
Does 63 divide 1406223?
True
Does 563 divide 23450?
False
Is 38 a factor of 2291657?
False
Does 68 divide 199648?
True
Is 10578978 a multiple of 49?
False
Does 444 divide 44844?
True
Is 83239 even?
False
Is 180008 a multiple of 31?
False
Is 3273007 a multiple of 42?
False
Is 39 a factor of 192504?
True
Does 100 divide 1212?
False
Does 276 divide 507478?
False
Does 342 divide 12712140?
True
Is 31 a factor of 626380?
False
Does 26 divide 404170?
True
Does 668 divide 5481608?
True
Is 328 a factor of 14432?
True
Is 4477312 a multiple of 304?
True
Is 28 a factor of 1641138?
False
Is 618 a factor of 2866284?
True
Is 1569 a factor of 914395?
False
Does 77 divide 172788?
True
Does 814 divide 2924589?
False
Does 32 divide 1068223?
False
Does 11 divide 3838120?
True
Is 390973 a multiple of 72?
False
Is 317 a factor of 2599948?
False
Does 470 divide 100491?
False
Is 609057 a multiple of 333?
True
Does 71 divide 280805?
True
Is 8610 a multiple of 14?
True
Is 209 a factor of 301475?
False
Does 152 divide 12454558?
False
Is 742160 a multiple of 20?
True
Does 19 divide 1428363?
True
Is 1460472 a multiple of 321?
False
Is 50820 a multiple of 4?
True
Is 348718 a multiple of 8?
False
Is 7 a factor of 2554182?
False
Is 33 a factor of 98340?
True
Is 60 a factor of 72060?
True
Is 769 a factor of 258607?
False
Is 11306373 a multiple of 71?
False
Is 1349 a factor of 28811164?
False
